{"id":48,"date":"2023-01-17T14:31:55","date_gmt":"2023-01-17T13:31:55","guid":{"rendered":"http:\/\/www.lesnezbulleuses.com\/?page_id=48"},"modified":"2025-03-06T14:50:06","modified_gmt":"2025-03-06T13:50:06","slug":"spectacles-a-venir","status":"publish","type":"page","link":"https:\/\/www.lesnezbulleuses.com\/index.php\/spectacles-a-venir\/","title":{"rendered":"Spectacles \u00e0 venir"},"content":{"rendered":"\t\t<div data-elementor-type=\"wp-page\" data-elementor-id=\"48\" class=\"elementor elementor-48\">\n\t\t\t\t\t\t\t<div class=\"elementor-element elementor-element-2c75515 e-con-boxed e-con\" data-id=\"2c75515\" data-element_type=\"container\" data-settings=\"{&quot;background_background&quot;:&quot;classic&quot;,&quot;content_width&quot;:&quot;boxed&quot;}\">\n\t\t\t\t\t<div class=\"e-con-inner\">\n\t\t<div class=\"elementor-element elementor-element-fa52cec e-con-boxed e-con\" data-id=\"fa52cec\" data-element_type=\"container\" data-settings=\"{&quot;content_width&quot;:&quot;boxed&quot;}\">\n\t\t\t\t\t<div class=\"e-con-inner\">\n\t\t\t\t<div class=\"elementor-element elementor-element-831312a elementor-widget elementor-widget-heading\" data-id=\"831312a\" data-element_type=\"widget\" data-widget_type=\"heading.default\">\n\t\t\t\t<div class=\"elementor-widget-container\">\n\t\t\t<style>\/*! elementor - v3.10.0 - 09-01-2023 *\/\n.elementor-heading-title{padding:0;margin:0;line-height:1}.elementor-widget-heading .elementor-heading-title[class*=elementor-size-]>a{color:inherit;font-size:inherit;line-height:inherit}.elementor-widget-heading .elementor-heading-title.elementor-size-small{font-size:15px}.elementor-widget-heading .elementor-heading-title.elementor-size-medium{font-size:19px}.elementor-widget-heading .elementor-heading-title.elementor-size-large{font-size:29px}.elementor-widget-heading .elementor-heading-title.elementor-size-xl{font-size:39px}.elementor-widget-heading .elementor-heading-title.elementor-size-xxl{font-size:59px}<\/style><h1 class=\"elementor-heading-title elementor-size-default\">12\u00e8me WEEK-END POUR RIRE de Raffetot(76210)<\/h1>\t\t<\/div>\n\t\t\t\t<\/div>\n\t\t\t\t<div class=\"elementor-element elementor-element-3b8ee0a elementor-widget elementor-widget-heading\" data-id=\"3b8ee0a\" data-element_type=\"widget\" data-widget_type=\"heading.default\">\n\t\t\t\t<div class=\"elementor-widget-container\">\n\t\t\t<h3 class=\"elementor-heading-title elementor-size-default\">SAMEDI 22 MARS 2025 19H30 et DIMANCHE 23 MARS 15H\n\n<\/h3>\t\t<\/div>\n\t\t\t\t<\/div>\n\t\t\t\t<div class=\"elementor-element elementor-element-ef02bdc elementor-widget elementor-widget-text-editor\" data-id=\"ef02bdc\" data-element_type=\"widget\" data-widget_type=\"text-editor.default\">\n\t\t\t\t<div class=\"elementor-widget-container\">\n\t\t\t<style>\/*! elementor - v3.10.0 - 09-01-2023 *\/\n.elementor-widget-text-editor.elementor-drop-cap-view-stacked .elementor-drop-cap{background-color:#818a91;color:#fff}.elementor-widget-text-editor.elementor-drop-cap-view-framed .elementor-drop-cap{color:#818a91;border:3px solid;background-color:transparent}.elementor-widget-text-editor:not(.elementor-drop-cap-view-default) .elementor-drop-cap{margin-top:8px}.elementor-widget-text-editor:not(.elementor-drop-cap-view-default) .elementor-drop-cap-letter{width:1em;height:1em}.elementor-widget-text-editor .elementor-drop-cap{float:left;text-align:center;line-height:1;font-size:50px}.elementor-widget-text-editor .elementor-drop-cap-letter{display:inline-block}<\/style>\t\t\t\t<h5><strong>AU PROFIT D&rsquo;AGIR AVEC BECQUEREL POUR LA VIE\u00a0<\/strong><\/h5><p><strong>PROGRAMME DU\u00a0SAMEDI 22 MARS :<\/strong><\/p><p><strong>-LES NEZ -BULLEUSES<\/strong> : clown\u00a0 de th\u00e9\u00e2tre en impro sur les sujets du public(apporter un objet incassable r\u00e9cup\u00e9r\u00e9 en fin de spectacle).<\/p><p><strong>-LES NOUVEAUX SAUVAGES<\/strong> : Groupe familial de Rock fran\u00e7ais.<\/p><p><strong>PROGRAMME DU DIMANCHE 23 MARS :<\/strong><\/p><p><strong>-LES NEZ-BULLEUSES :<\/strong>\u00a0impro clown de th\u00e9\u00e2tre.<\/p><p><strong>-ALL THAT JOY<\/strong> : Chorale Gospel<\/p><p><strong>TOUT le WEEK-END: EXPO PHOTOS:OMBRE et LUMIERE de Marie -Jeanne MOLLERO<\/strong><\/p><p><strong>R\u00e9servations :0614693364<\/strong><\/p><p>Tarif 12\u20ac (20\u20ac le week -end) gratuit &#8211; de 12ans.)<\/p>\t\t\t\t\t\t<\/div>\n\t\t\t\t<\/div>\n\t\t\t\t<div class=\"elementor-element elementor-element-a6c3a1a elementor-widget elementor-widget-image\" data-id=\"a6c3a1a\" data-element_type=\"widget\" data-widget_type=\"image.default\">\n\t\t\t\t<div class=\"elementor-widget-container\">\n\t\t\t<style>\/*! elementor - v3.10.0 - 09-01-2023 *\/\n.elementor-widget-image{text-align:center}.elementor-widget-image a{display:inline-block}.elementor-widget-image a img[src$=\".svg\"]{width:48px}.elementor-widget-image img{vertical-align:middle;display:inline-block}<\/style>\t\t\t\t\t\t\t\t\t\t\t\t<img loading=\"lazy\" decoding=\"async\" width=\"623\" height=\"827\" src=\"https:\/\/www.lesnezbulleuses.com\/wp-content\/uploads\/2025\/02\/Affiche-rose-2025-jpg-1-1.jpg\" class=\"attachment-medium_large size-medium_large wp-image-574\" alt=\"\" srcset=\"https:\/\/www.lesnezbulleuses.com\/wp-content\/uploads\/2025\/02\/Affiche-rose-2025-jpg-1-1.jpg 623w, https:\/\/www.lesnezbulleuses.com\/wp-content\/uploads\/2025\/02\/Affiche-rose-2025-jpg-1-1-226x300.jpg 226w\" sizes=\"auto, (max-width: 623px) 100vw, 623px\" \/>\t\t\t\t\t\t\t\t\t\t\t\t\t\t\t<\/div>\n\t\t\t\t<\/div>\n\t\t\t\t<div class=\"elementor-element elementor-element-5535ccc elementor-widget elementor-widget-image\" data-id=\"5535ccc\" data-element_type=\"widget\" data-widget_type=\"image.default\">\n\t\t\t\t<div class=\"elementor-widget-container\">\n\t\t\t\t\t\t\t\t\t\t\t\t\t\t\t<img loading=\"lazy\" decoding=\"async\" width=\"768\" height=\"1086\" src=\"https:\/\/www.lesnezbulleuses.com\/wp-content\/uploads\/2025\/02\/les-NOUVEAUX-SAUVAGES-768x1086.jpg\" class=\"attachment-medium_large size-medium_large wp-image-558\" alt=\"\" srcset=\"https:\/\/www.lesnezbulleuses.com\/wp-content\/uploads\/2025\/02\/les-NOUVEAUX-SAUVAGES-768x1086.jpg 768w, https:\/\/www.lesnezbulleuses.com\/wp-content\/uploads\/2025\/02\/les-NOUVEAUX-SAUVAGES-212x300.jpg 212w, https:\/\/www.lesnezbulleuses.com\/wp-content\/uploads\/2025\/02\/les-NOUVEAUX-SAUVAGES-724x1024.jpg 724w, https:\/\/www.lesnezbulleuses.com\/wp-content\/uploads\/2025\/02\/les-NOUVEAUX-SAUVAGES-1087x1536.jpg 1087w, https:\/\/www.lesnezbulleuses.com\/wp-content\/uploads\/2025\/02\/les-NOUVEAUX-SAUVAGES-1449x2048.jpg 1449w, https:\/\/www.lesnezbulleuses.com\/wp-content\/uploads\/2025\/02\/les-NOUVEAUX-SAUVAGES-scaled.jpg 1811w\" sizes=\"auto, (max-width: 768px) 100vw, 768px\" \/>\t\t\t\t\t\t\t\t\t\t\t\t\t\t\t<\/div>\n\t\t\t\t<\/div>\n\t\t\t\t<div class=\"elementor-element elementor-element-43e9ad0 elementor-widget elementor-widget-image\" data-id=\"43e9ad0\" data-element_type=\"widget\" data-widget_type=\"image.default\">\n\t\t\t\t<div class=\"elementor-widget-container\">\n\t\t\t\t\t\t\t\t\t\t\t\t\t\t\t<img loading=\"lazy\" decoding=\"async\" width=\"768\" height=\"533\" src=\"https:\/\/www.lesnezbulleuses.com\/wp-content\/uploads\/2025\/02\/ALL-THAT-JOY-la-chorale-Gospel-768x533.jpg\" class=\"attachment-medium_large size-medium_large wp-image-559\" alt=\"\" srcset=\"https:\/\/www.lesnezbulleuses.com\/wp-content\/uploads\/2025\/02\/ALL-THAT-JOY-la-chorale-Gospel-768x533.jpg 768w, https:\/\/www.lesnezbulleuses.com\/wp-content\/uploads\/2025\/02\/ALL-THAT-JOY-la-chorale-Gospel-300x208.jpg 300w, https:\/\/www.lesnezbulleuses.com\/wp-content\/uploads\/2025\/02\/ALL-THAT-JOY-la-chorale-Gospel-1024x710.jpg 1024w, https:\/\/www.lesnezbulleuses.com\/wp-content\/uploads\/2025\/02\/ALL-THAT-JOY-la-chorale-Gospel.jpg 1080w\" sizes=\"auto, (max-width: 768px) 100vw, 768px\" \/>\t\t\t\t\t\t\t\t\t\t\t\t\t\t\t<\/div>\n\t\t\t\t<\/div>\n\t\t\t\t\t<\/div>\n\t\t\t\t<\/div>\n\t\t\t\t\t<\/div>\n\t\t\t\t<\/div>\n\t\t\t\t\t\t\t<\/div>\n\t\t","protected":false},"excerpt":{"rendered":"<p>12\u00e8me WEEK-END POUR RIRE de Raffetot(76210) SAMEDI 22 MARS 2025 19H30 et DIMANCHE 23 MARS 15H AU PROFIT D&rsquo;AGIR AVEC BECQUEREL POUR LA VIE\u00a0 PROGRAMME DU\u00a0SAMEDI 22 MARS : -LES NEZ -BULLEUSES : clown\u00a0 de th\u00e9\u00e2tre en impro sur les sujets du public(apporter un objet incassable r\u00e9cup\u00e9r\u00e9 en fin de spectacle). -LES NOUVEAUX SAUVAGES : [&hellip;]<\/p>\n","protected":false},"author":1,"featured_media":0,"parent":0,"menu_order":0,"comment_status":"closed","ping_status":"closed","template":"","meta":{"footnotes":""},"class_list":["post-48","page","type-page","status-publish","hentry"],"_links":{"self":[{"href":"https:\/\/www.lesnezbulleuses.com\/index.php\/wp-json\/wp\/v2\/pages\/48","targetHints":{"allow":["GET"]}}],"collection":[{"href":"https:\/\/www.lesnezbulleuses.com\/index.php\/wp-json\/wp\/v2\/pages"}],"about":[{"href":"https:\/\/www.lesnezbulleuses.com\/index.php\/wp-json\/wp\/v2\/types\/page"}],"author":[{"embeddable":true,"href":"https:\/\/www.lesnezbulleuses.com\/index.php\/wp-json\/wp\/v2\/users\/1"}],"replies":[{"embeddable":true,"href":"https:\/\/www.lesnezbulleuses.com\/index.php\/wp-json\/wp\/v2\/comments?post=48"}],"version-history":[{"count":154,"href":"https:\/\/www.lesnezbulleuses.com\/index.php\/wp-json\/wp\/v2\/pages\/48\/revisions"}],"predecessor-version":[{"id":598,"href":"https:\/\/www.lesnezbulleuses.com\/index.php\/wp-json\/wp\/v2\/pages\/48\/revisions\/598"}],"wp:attachment":[{"href":"https:\/\/www.lesnezbulleuses.com\/index.php\/wp-json\/wp\/v2\/media?parent=48"}],"curies":[{"name":"wp","href":"https:\/\/api.w.org\/{rel}","templated":true}]}}